- 4216. Determine f(-7).
-9
Let f(q) = -q**3 + 113*q**2 + 589*q + 115. What is f(118)?
-3
Let t(o) = 153*o + 136. What is t(-1)?
-17
Let v(k) = -2*k**3 + 23*k**2 + 17*k + 102. Give v(11).
410
Let x(v) = -137*v + 1947. Give x(13).
166
Let a(o) = 445*o**2 + 1781*o. Determine a(-4).
-4
Let b(n) = n**3 + 13*n**2 - 7*n + 113. What is b(-14)?
15
Let u(m) = -3*m**3 + 31*m**2 - 2*m - 64. Give u(10).
16
Let b(k) = 1259*k + 2. What is b(-1)?
-1257
Let f(g) = 43*g - 4576. Calculate f(108).
68
Let z(w) = -45*w + 1747. Give z(42).
-143
Let k(g) = g**3 - 29*g**2 - 99*g + 106. Calculate k(32).
10
Let n(h) = -9*h - 288. Calculate n(-31).
-9
Let u(o) = -1372*o - 166027. Give u(-121).
-15
Let a(x) = -x**2 - 41*x - 47. Calculate a(-37).
101
Let y(p) = 2*p**3 + 55*p**2 - 30*p + 22. Calculate y(-28).
78
Let j(y) = -6*y**2 - 41*y - 84. Determine j(-3).
-15
Let s(a) = -5*a**2 - 122*a - 33. Determine s(-24).
15
Let v(j) = 3*j + 28. Calculate v(17).
79
Let p(f) = 9*f**2 + 66*f - 413. Give p(6).
307
Let a(y) = -611*y - 47. Determine a(0).
-47
Let a(i) = -i**3 + 7*i**2 - 3*i + 129. Give a(9).
-60
Let f(h) = -2*h**3 - 126*h**2 - 118*h + 186. Calculate f(-62).
-186
Let x(o) = -o**3 - 46*o**2 + 48*o + 12. What is x(-47)?
-35
Let r(x) = -x**2 - 54*x + 13. What is r(-63)?
-554
Let t(s) = -s**3 + 32*s**2 - 157*s + 18. What is t(26)?
-8
Let l(j) = 2*j**3 - 23*j**2 + 42*j + 41. Determine l(9).
14
Let d(l) = 27*l + 98. Give d(-3).
17
Let l(c) = -5405*c - 43240. What is l(-8)?
0
Let x(z) = -6*z**3 + 215*z**2 + 38*z - 99. Give x(36).
-27
Let q(m) = 29*m + 510. Calculate q(-4).
394
Let b(s) = 2*s**2 + 12*s + 6. Give b(-5).
-4
Let z(s) = 294*s - 3826. Calculate z(13).
-4
Let n(p) = p**3 + 11*p**2 - 21*p + 46. What is n(-13)?
-19
Let v(u) = 96*u - 1841. Give v(19).
-17
Let o(v) = 96*v**2 - 394*v + 2. Calculate o(4).
-38
Let c(k) = -1171*k - 15251. What is c(-13)?
-28
Let o(x) = 21*x**2 + 8*x + 3. What is o(-2)?
71
Let d(n) = -n**3 - 77*n**2 - 1016*n + 69. Give d(-17).
1
Let i(x) = x**2 + 42*x - 633. What is i(-55)?
82
Let t(u) = -17*u**2 + 301*u - 34. Give t(18).
-124
Let b(m) = -394*m - 5116. What is b(-13)?
6
Let x(y) = -y**2 + 3*y + 38. Determine x(4).
34
Let o(k) = -26*k - 314. Give o(-9).
-80
Let x(z) = 456*z + 917. Give x(-2).
5
Let m(p) = -36*p + 100. Give m(3).
-8
Let h(m) = 49*m + 2141. Give h(-45).
-64
Let n(u) = -2*u**2 - 164*u - 3222. Determine n(-49).
12
Let t(q) = -44*q**2 + 107*q - 108. Give t(1).
-45
Let m(f) = f**2 - 66*f - 1054. Give m(-14).
66
Let k(y) = -176*y - 296. What is k(-2)?
56
Let v(s) = s**3 - 35*s**2 + 25*s + 89. Give v(34).
-217
Let j(i) = -4*i**2 - 701*i - 18440. Determine j(-143).
7
Let i(h) = -h**2 - 50*h + 1047. Determine i(16).
-9
Let q(l) = -29*l - 582. Calculate q(-20).
-2
Let b(q) = 409*q - 2862. Determine b(7).
1
Let i(u) = -77*u - 18709. Give i(-243).
2
Let b(x) = -x**2 + 24*x + 97. Determine b(26).
45
Let x(i) = -5*i**2 - 61*i - 42. Determine x(-12).
-30
Let q(i) = 607*i - 1803. Determine q(3).
18
Let u(p) = -3*p**2 + 1. Calculate u(3).
-26
Let i(u) = -u**3 - 12*u**2 + 473*u + 5983. Calculate i(-13).
3
Let k(n) = 2*n + 546. What is k(9)?
564
Let w(h) = 487*h - 2445. What is w(5)?
-10
Let n(z) = -z**2 - 9*z - 2. What is n(0)?
-2
Let g(w) = -16*w - 1092. Determine g(-68).
-4
Let d(f) = -f**2 + 4*f + 10. Give d(4).
10
Let s(r) = r**3 - 3*r**2 - 30*r - 47. Determine s(-4).
-39
Let t(w) = w**3 - 15*w**2 - 214*w - 13. Give t(24).
35
Let u(c) = 3*c**2 - 468*c + 5585. Give u(13).
8
Let m(z) = -z**3 + 208*z**2 + 161*z + 10032. Give m(209).
0
Let k(j) = 5*j**3 + 54*j**2 + 23*j - 1. Calculate k(-10).
169
Let n(l) = 2*l**2 - 69*l + 793. Calculate n(14).
219
Let j(c) = -18*c + 177. Give j(16).
-111
Let r(l) = 21*l + 408. Determine r(-17).
51
Let r(d) = d**2 + 18*d - 58. Determine r(4).
30
Let q(b) = b**3 + 20*b**2 - 113*b - 11. What is q(5)?
49
Let x(m) = 284*m - 386. Give x(1).
-102
Let n(l) = -191*l - 15296. Give n(-80).
-16
Let p(h) = 9*h**2 + 62*h + 6. Calculate p(-9).
177
Let g(n) = -2*n**3 - 56*n**2 - 5*n - 50. What is g(-28)?
90
Let k(a) = -6018*a - 54157. Calculate k(-9).
5
Let n(o) = -o**3 - 39*o**2 - 124*o - 17. Calculate n(-36).
559
Let n(o) = -o**3 + 10*o**2 + 3*o - 36. Calculate n(10).
-6
Let u(b) = b**3 + 20*b**2 - 14*b - 43. Determine u(-20).
237
Let n(y) = y**3 + 7*y**2 + 8*y + 11. Calculate n(-5).
21
Let n(b) = b**3 - 165*b**2 + 641*b + 399. What is n(161)?
-84
Let d(l) = 4*l**2 - 224*l + 157. Give d(55).
-63
Let z(h) = -45*h**2 - 122*h + 48. Calculate z(-3).
9
Let h(g) = 4*g**2 - 40*g - 641. Calculate h(-9).
43
Let c(a) = 14*a + 370. Calculate c(-31).
-64
Let f(u) = 2*u**2 + 204*u + 3517. Give f(-22).
-3
Let v(q) = -15*q - 188. Determine v(-7).
-83
Let f(v) = 28*v**2 + 15*v. Give f(-1).
13
Let l(k) = -9*k**3 - k**2 + 2*k + 5. What is l(2)?
-67
Let q(g) = -g**3 + 18*g**2 + 51*g - 1280. Give q(16).
48
Let n(y) = -2*y**2 + 4592*y - 41171. Calculate n(9).
-5
Let y(t) = -t**3 + 30*t**2 - 48*t + 557. Calculate y(29).
6
Let d(x) = -2*x**3 - 145*x**2 + 65*x - 525. Calculate d(-73).
59
Let p(g) = 2*g**2 - 14*g - 65. Determine p(-4).
23
Let b(m) = 674*m + 30334. Determine b(-45).
4
Let q(l) = -l**3 - 12*l**2 + 10*l + 94. Give q(-12).
-26
Let f(z) = 6*z**2 + 102*z + 89. Determine f(-16).
-7
Let w(t) = -50*t**2 + 369*t - 10. What is w(7)?
123
Let r(d) = -166*d - 1258. Calculate r(-9).
236
Let d(o) = -o**2 - 42*o - 44. Give d(-39).
73
Let c(i) = 93*i + 2576. Calculate c(-29).
-121
Let b(d) = 197*d - 2307. What is b(11)?
-140
Let q(t) = -2*t + 8. Determine q(-8).
24
Let a(v) = 6*v**2 + 85*v - 555. What is a(6)?
171
Let z(s) = -2*s**2 + 70*s - 604. Determine z(21).
-16
Let n(b) = 7764*b + 85405. What is n(-11)?
1
Let w(k) = 511*k - 35248. What is w(69)?
11
Let g(v) = -11426*v - 125671. Give g(-11).
15
Let d(c) = -c**2 + 16*c - 11. Calculate d(9).
52
Let l(n) = -1743*n - 6962. Determine l(-4).
10
Let m(p) = p**3 + 16*p**2 - 4*p - 222. Calculate m(-15).
63
Let i(u) = 37*u**2 + 1146*u + 8. Give i(-31).
39
Let r(p) = 2*p**2 + 950*p + 3753. Calculate r(-4).
-15
Let s(l) = 23*l + 618. Determine s(-27).
-3
Let u(n) = 109*n - 3834. Determine u(36).
90
Let i(k) = 192*k - 3063. What is i(16)?
9
Let y(c) = -c**3 - 4*c**2 + 5*c + 4. What is y(-5)?
4
Let m(z) = z**3 + 63*z**2 + 23*z + 1454. What is m(-63)?
5
Let z(l) = -17*l + 308. Determine z(18).
2
Let x(i) = -i**2 + 22*i. Give x(23).
-23
Let d(x) = 47*x + 2211. Determine d(-47).
2
Let m(a) = -250*a - 8. What is m(0)?
-8
Let h(r) = r**3 - 160*r**2 + 317*r - 122. Determine h(158).
36
Let y(k) = -k - 88. Determine y(-91).
3
Let j(h) = 14*h**2 - 249*h + 731. What is j(14)?
-11
Let s(b) = -5*b**2 + 293*b + 1062. Give s(62).
8
Let y(m) = 6932*m - 55454. Calculate y(8).
2
Let z(t) = 1033*t - 18621. Give z(18).
-27
Let s(f) = -f**3 - 15*f**2 - 81*f - 457. What is s(-9)?
-214
Let l(i) = -9*i**2 + 219*i + 1545. Give l(30).
15
Let i(v) = -v**2 - 26*v + 58. What is i(-28)?
2
Let p(h) = 67*h + 172. Calculate p(-3).
-29
Let w(n) = 13*n**3 + 5*n**2 - 72*n + 69. What is w(1)?
15
Let w(r) = 10*r**2 + 83*r + 5. Give w(-9).
68
Let u(q) = 409*q - 4952. Determine u(12).
-44
Let o(c) = -c**3 - 9*c**2 + 129*c + 1002. Calculate o(-7).
1
Let f(t) = -3*t - 318. Calculate f(-70).
-108
Let f(s) = 2*s**3 - 5*s**2 - 6*s + 6. Calculate f(6).
222
Let a(t) = 160*t - 1613. Give a(12).
307
Let d(f) = -28*f**2 - 47*f + 151. Give d(3).
-242
Let f(t) = 9*t**2 + 62*t - 411. Give f(-11).
-4
Let n(y) = y**3 - 15*y**2 + 36*y. Calculate n(7).
-140
Let q(t) = t**2 - 260*t + 5697. Calculate q(236).
33
Let x(g) = -9*g**3 + 2*g**2 + 38*g - 76. Calculate x(2).
-64
Let x(g) = 257*g + 1297. What is x(-5)?
12
Let n(x) = 2*x**3 - 148*x**2 + 1481*x + 433. Calculate n(62).
-1
Let i(x) = 2*x**2 - 66*x + 316. What is i(5)?
36
Let x(k) = 10*k + 387. What is x(-14)?
247
Let h(r) = r**3 - 65*r**2 + 4*r - 180. Give h(65).
80
Let m(y) = -155*y**3 - 6*y**2 - 12*y - 6. What is m(-1)?
155
Let q(m) = -3*m**2 + 237. What is q(-9)?
-6
Let f(k) = -4*k**2 + 4360*k - 8712. Calculate f(2).
-8
Let g(i) = 137*i**3 + 5754*i**2 + 3*i + 132. Give g(-42).
6
Let b(r) = -33*r**3 - 1059*r**2 - 101*r - 168. Give b(-32).
-8
Let z(g) = 89*g**2 - 799*g - 21. What is z(9)?
-3
Let s(m) = 199*m - 21495. Calculate s(108).
-3
Let b(y) = -y**2 + 20*y - 97. Determine b(12).
-1
Let x(u) = u**2 + 4